he prime factors of 6582908.
2, 1645727
List the prime factors of 924266.
2, 7, 107, 617
List the prime factors of 401895.
3, 5, 13, 229
List the prime factors of 1297587.
3, 59, 7331
What are the prime factors of 690593?
19, 1913
List the prime factors of 7589089.
17, 446417
What are the prime factors of 135102?
2, 3, 11, 23, 89
List the prime factors of 5423750.
2, 5, 4339
What are the prime factors of 415686?
2, 3, 29, 2389
What are the prime factors of 22610391?
3, 17, 443341
List the prime factors of 24903746.
2, 7, 53, 33563
What are the prime factors of 1001211?
3, 333737
What are the prime factors of 295694?
2, 7, 21121
What are the prime factors of 909383?
909383
List the prime factors of 493758.
2, 3, 27431
List the prime factors of 3203221.
7, 193, 2371
List the prime factors of 6262870.
2, 5, 61, 10267
What are the prime factors of 582364?
2, 41, 53, 67
What are the prime factors of 18721389?
3, 6240463
List the prime factors of 158164.
2, 39541
List the prime factors of 14812437.
3, 23, 214673
List the prime factors of 1676384.
2, 52387
List the prime factors of 16406.
2, 13, 631
What are the prime factors of 693539?
7, 11, 9007
What are the prime factors of 278042?
2, 139021
List the prime factors of 650289.
3, 43, 71
What are the prime factors of 83994?
2, 3, 13999
List the prime factors of 2332675.
5, 93307
List the prime factors of 94611.
3, 11, 47, 61
List the prime factors of 4267295.
5, 53, 16103
What are the prime factors of 1167264?
2, 3, 7, 193
What are the prime factors of 26213341?
7, 11, 277, 1229
List the prime factors of 449564.
2, 167, 673
List the prime factors of 67503.
3, 22501
List the prime factors of 2849935.
5, 11, 51817
What are the prime factors of 78755?
5, 19, 829
List the prime factors of 2445702.
2, 3, 7, 58231
What are the prime factors of 89188?
2, 11, 2027
List the prime factors of 3681107.
389, 9463
List the prime factors of 11595090.
2, 3, 5, 13, 2287
List the prime factors of 85284.
2, 3, 23, 103
What are the prime factors of 6125601?
3, 2041867
What are the prime factors of 1896924?
2, 3, 158077
What are the prime factors of 9874673?
9874673
List the prime factors of 6841157.
17, 103, 3907
List the prime factors of 4063085.
5, 13, 17, 3677
What are the prime factors of 8297090?
2, 5, 829709
What are the prime factors of 704343?
3, 234781
What are the prime factors of 1929570?
2, 3, 5, 64319
What are the prime factors of 3815026?
2, 631, 3023
List the prime factors of 3931493.
67, 58679
What are the prime factors of 449536?
2, 439
List the prime factors of 3220673.
41, 78553
List the prime factors of 1759236.
2, 3, 146603
What are the prime factors of 312521?
11, 28411
What are the prime factors of 1709597?
1091, 1567
What are the prime factors of 652813?
7, 179, 521
What are the prime factors of 258242?
2, 129121
What are the prime factors of 6334209?
3, 7, 29, 3467
List the prime factors of 463868.
2, 89, 1303
What are the prime factors of 7705496?
2, 963187
What are the prime factors of 2470375?
5, 19763
What are the prime factors of 10197124?
2, 7, 364183
What are the prime factors of 35465447?
35465447
What are the prime factors of 2172109?
2172109
List the prime factors of 1769167.
1769167
What are the prime factors of 8537966?
2, 509, 8387
List the prime factors of 528187.
11, 48017
List the prime factors of 8880262.
2, 4440131
What are the prime factors of 128379?
3, 42793
List the prime factors of 759526.
2, 17, 89, 251
What are the prime factors of 8048478?
2, 3, 97, 13829
List the prime factors of 73670.
2, 5, 53, 139
What are the prime factors of 22807441?
491, 46451
List the prime factors of 18222996.
2, 3, 11, 138053
What are the prime factors of 2121209?
17, 124777
List the prime factors of 3070054.
2, 13, 31, 293
List the prime factors of 65361.
3, 21787
What are the prime factors of 26709635?
5, 17, 151, 2081
What are the prime factors of 5998750?
2, 5, 4799
What are the prime factors of 1064364?
2, 3, 7, 12671
List the prime factors of 3098247.
3, 41, 25189
List the prime factors of 1473515.
5, 294703
List the prime factors of 409529.
409529
What are the prime factors of 7004538?
2, 3, 389141
What are the prime factors of 388588?
2, 19, 5113
List the prime factors of 366419.
366419
What are the prime factors of 1196584?
2, 373, 401
What are the prime factors of 16375414?
2, 11, 157, 431
What are the prime factors of 5514142?
2, 19, 145109
What are the prime factors of 572878?
2, 107, 2677
List the prime factors of 717895.
5, 29, 4951
What are the prime factors of 165509?
19, 31, 281
What are the prime factors of 1901968?
2, 118873
What are the prime factors of 7766262?
2, 3, 7, 61637
List the prime factors of 618931.
83, 7457
What are the prime factors of 1178206?
2, 79, 7457
List the prime factors of 749301.
3, 7, 31, 1151
List the prime factors of 1277422.
2, 67, 9533
List the prime factors of 111615.
3, 5, 7, 1063
List the prime factors of 152400.
2, 3, 5, 127
What are the prime factors of 218315?
5, 47, 929
List the prime factors of 5106914.
2, 2553457
List the prime factors of 401785.
5, 107, 751
List the prime factors of 344312.
2, 193, 223
What are the prime factors of 278086?
2, 17, 8179
List the prime factors of 1208091.
3, 402697
What are the prime factors of 1100377?
1100377
What are the prime factors of 1224155?
5, 103, 2377
List the prime factors of 434929.
11, 19, 2081
List the prime factors of 2744227.
19, 97, 1489
What are the prime factors of 8974091?
7, 37, 34649
List the prime factors of 2575582.
2, 233, 5527
What are the prime factors of 10214505?
3, 5, 7, 1201
What are the prime factors of 4573211?
53, 86287
What are the prime factors of 366484?
2, 91621
List the prime factors of 13035275.
5, 11, 107, 443
List the prime factors of 250535.
5, 89, 563
List the prime factors of 5346794.
2, 2673397
List the prime factors of 7259485.
5, 73, 19889
List the prime factors of 1995157.
43, 46399
List the prime factors of 71642.
2, 113, 317
List the prime factors of 4744148.
2, 19, 62423
List the prime factors of 519.
3, 173
List the prime factors of 403865.
5, 7, 11, 1049
What are the prime factors of 1508484?
2, 3, 125707
What are the prime factors of 4724256?
2, 3, 49211
What are the prime factors of 2556060?
2, 3, 5, 13, 29, 113
What are the prime factors of 1600698?
2, 3, 11, 79, 307
What are the prime factors of 37419?
3, 12473
List the prime factors of 807799.
109, 7411
List the prime factors of 2976826.
2, 1488413
What are the prime factors of 1115391?
3, 371797
List the prime factors of 203344.
2, 71, 179
List the prime factors of 104296.
2, 13037
What are the prime factors of 6957498?
2, 3, 1159583
List the prime factors of 803364.
2, 3, 66947
What are the prime factors of 1677086?
2, 43, 19501
List the prime factors of 16599449.
16599449
List the prime factors of 9825336.
2, 3, 136463
List the prime factors of 77522.
2, 83, 467
List the prime factors of 387296.
2, 7, 13, 19
What are the prime factors of 302293?
41, 73, 101
List the prime factors of 600952.
2, 11, 6829
What are the prime factors of 712227?
3, 237409
List the prime factors of 2150612.
2, 223, 2411
List the prime factors of 3859309.
3859309
List the prime factors of 764747.
157, 4871
List the prime factors of 17791220.
2, 5, 19, 46819
List the prime factors of 1320211.
1320211
List the prime factors of 36818.
2, 41, 449
What are the prime factors of 10905?
3, 5, 727
What are the prime factors of 4094999?
4094999
List the prime factors of 629533.
23, 101, 271
What are the prime factors of 227365?
5, 37, 1229
What are the prime factors of 205190?
2, 5, 17, 71
What are the prime factors of 10118482?
2, 11, 23, 19997
What are the prime factors of 1600607?
1600607
List the prime factors of 566492.
2, 141623
What are the prime factors of 24511826?
2, 631, 19423
What are the prime factors of 80339?
7, 23, 499
What are the prime factors of 20577100?
2, 5, 347, 593
What are the prime factors of 19814727?
3, 1553, 4253
What are the prime factors of 1517482?
2, 758741
List the prime factors of 270886.
2, 7, 11, 1759
What are the prime factors of 1270444?
2, 7, 17, 157
List the prime factors of 832729.
832729
List the prime factors of 236227.
19, 12433
List the prime factors of 195274.
2, 163, 599
Wha